{"id":697,"date":"2024-12-04T09:35:29","date_gmt":"2024-12-04T14:35:29","guid":{"rendered":"https:\/\/projet4.timmatane.ca\/2024\/efc\/eq4\/?page_id=697"},"modified":"2024-12-13T14:13:41","modified_gmt":"2024-12-13T19:13:41","slug":"devenir-partenaire","status":"publish","type":"page","link":"https:\/\/projet4.timmatane.ca\/2024\/efc\/eq4\/devenir-partenaire\/","title":{"rendered":"Devenir partenaire"},"content":{"rendered":"\n<section class=\"flex flex-col justify-center gap-20 mt-10 p-5 max-w-screen\">\n\n\n<div class=\"flex flex-wrap lg:flex-nowrap justify-center px-5 xl:px-20 m-5 xl:m-10 gap-2 xl:gap-5\">\n<article class=\"w-full bg-gradient-to-b from-[#A67946E5] to-[#111111E5] border-2 border-[#77532B] rounded-md p-3 py-5\">\n<p class=\"font-bold my-1\">Bronze<\/p>\n<p class=\"text-xl my-1 mb-3\"><span class=\"text-3xl font-bold\">500$<\/span> et moins<\/p>\n\n<div class=\"border-t border-black\">\n<p class=\"font-light\">\u2713 Petite mention sur le Baja<\/p>\n<p class=\"font-light\">\u2713 Mention sur les plateformes m\u00e9diatiques du Baja<\/p>\n\n<\/div>\n<\/article>\n<article class=\"w-full bg-gradient-to-b from-[#505059E5] to-[#111111E5] border-2 border-[#777785] rounded-md p-3 py-5\">\n<p class=\"font-bold my-1\">Argent<\/p>\n<p class=\"text-xl my-1 mb-3\"><span class=\"text-3xl font-bold\">1000$<\/span> et moins<\/p>\n\n<div class=\"border-t border-black\">\n<p class=\"font-light\">\u2713 Moyenne mention sur le Baja<\/p>\n<p class=\"font-light\">\u2713 Mention sur les plateformes m\u00e9diatiques du Baja<\/p>\n<p class=\"font-light\">\u2713 Mention sur le chandail de l&rsquo;\u00e9quipe<\/p>\n\n<\/div>\n<\/article>\n<article class=\"w-full bg-gradient-to-b from-[#A3A332E5] to-[#111111E5] border-2 border-[#B4B435] rounded-md p-3 py-5\">\n<p class=\"font-bold my-1\">Or<\/p>\n<p class=\"text-xl my-1 mb-3\"><span class=\"text-3xl font-bold\">2500$<\/span> et moins<\/p>\n\n<div class=\"border-t border-black\">\n<p class=\"font-light\">\u2713 Moyenne mention sur le Baja<\/p>\n<p class=\"font-light\">\u2713 Mention sur les plateformes m\u00e9diatiques du Baja<\/p>\n<p class=\"font-light\">\u2713 Mention sur le chandail de l&rsquo;\u00e9quipe<\/p>\n<p class=\"font-light\">\u2713 Mention sur le m\u00fbr pare-feu du Baja<\/p>\n\n<\/div>\n<\/article>\n<article class=\"w-full bg-gradient-to-b from-[#9CA6FFE5] to-[#111111E5] border-2 border-[#81C6FF] rounded-md p-3 py-5\">\n<p class=\"font-bold my-1\">Platine<\/p>\n<p class=\"text-xl my-1 mb-3\"><span class=\"text-3xl font-bold\">5000$<\/span> et moins<\/p>\n\n<div class=\"border-t border-black font-md\">\n<p class=\"font-light\">\u2713 Grande mention sur le Baja<\/p>\n<p class=\"font-light\">\u2713 Mention sur les plateformes m\u00e9diatiques du Baja<\/p>\n<p class=\"font-light\">\u2713 Mention sur le chandail de l&rsquo;\u00e9quipe<\/p>\n<p class=\"font-light\">\u2713 Mention sur le devant du Baja<\/p>\n<p class=\"font-light\">\u2713 Articles promotionnels port\u00e9s par les membres de l&rsquo;\u00e9quipe lors des comp\u00e9titions<\/p>\n<p class=\"font-light\">\u2713 Mention sur le CV des membres<\/p>\n\n<\/div>\n<\/article>\n<article class=\"w-full bg-gradient-to-b from-[#ABABABE5] to-[#111111E5] border-2 border-white rounded-md p-3 py-5\">\n<p class=\"font-bold my-1\">Diamant<\/p>\n<p class=\"text-3xl my-1 mb-3\"><b>5000$<\/b> et plus<\/p>\n\n<div class=\"border-t border-black\">\n<p class=\"font-light\">\u2713 Grande mention sur le Baja<\/p>\n<p class=\"font-light\">\u2713 Mention sur les plateformes m\u00e9diatiques du Baja<\/p>\n<p class=\"font-light\">\u2713 Mention sur le chandail de l&rsquo;\u00e9quipe<\/p>\n<p class=\"font-light\">\u2713 Mention sur le devant du Baja<\/p>\n<p class=\"font-light\">\u2713 Articles promotionnels port\u00e9s par les membres de l&rsquo;\u00e9quipe lors des comp\u00e9titions<\/p>\n<p class=\"font-light\">\u2713 Mention sur le CV des membres<\/p>\n<p class=\"font-light\">\u2713 Baja aux couleurs de la premi\u00e8re entreprise \u00e0 financer \u00e0 ce niveau<\/p>\n\n<\/div>\n<\/article><\/div>\n\n\n<div class=\"flex flex-wrap md:flex-nowrap justify-center px-5 md:px-20 gap-20\">  \n<div class=\"w-full md:w-1\/2\">\n    <p class=\"text-lg font-bold text-[#3DB67C]\">N\u2019h\u00e9sitez pas \u00e0 nous contacter<\/p>\n    <p class=\"titre-font text-5xl m-0\">\n      Vous voulez devenir \n      <span class=\"titre-font bg-gradient-to-r from-[#3DB67C] to-[#33B2D4] text-transparent bg-clip-text\">\n        partenaire officiel?\n      <\/span>\n    <\/p>\n    <p class=\"text-[#C8C8C8]\">Notre \u00e9quipe sera ravie de vous r\u00e9pondre !<\/p>\n    <p class=\"text-[#C8C8C8]\">\u00c9quipe Baja Nordic-Wolf<\/p>\n    <p class=\"text-[#C8C8C8]\">Universit\u00e9 du Qu\u00e9bec \u00e0 Rimouski<\/p>\n    <p class=\"text-[#C8C8C8]\">300 All\u00e9e des Ursulines, C.P. 3300, succ. A\u2028 Rimouski (Qu\u00e9bec) Canada\u2028 G5L 3A1<\/p>\n    <p class=\"text-[#C8C8C8]\">Courriel : bajanordicwolf@gmail.com<\/p>\n  <\/div>\n\n  <div class=\"w-full md:w-1\/2\">\n\n\n<style id=\"wpforms-css-vars-root\">\n\t\t\t\t:root {\n\t\t\t\t\t--wpforms-field-border-radius: 3px;\n--wpforms-field-border-style: solid;\n--wpforms-field-border-size: 1px;\n--wpforms-field-background-color: #ffffff;\n--wpforms-field-border-color: rgba( 0, 0, 0, 0.25 );\n--wpforms-field-border-color-spare: rgba( 0, 0, 0, 0.25 );\n--wpforms-field-text-color: rgba( 0, 0, 0, 0.7 );\n--wpforms-field-menu-color: #ffffff;\n--wpforms-label-color: rgba( 0, 0, 0, 0.85 );\n--wpforms-label-sublabel-color: rgba( 0, 0, 0, 0.55 );\n--wpforms-label-error-color: #d63637;\n--wpforms-button-border-radius: 3px;\n--wpforms-button-border-style: none;\n--wpforms-button-border-size: 1px;\n--wpforms-button-background-color: #066aab;\n--wpforms-button-border-color: #066aab;\n--wpforms-button-text-color: #ffffff;\n--wpforms-page-break-color: #066aab;\n--wpforms-background-image: none;\n--wpforms-background-position: center center;\n--wpforms-background-repeat: no-repeat;\n--wpforms-background-size: cover;\n--wpforms-background-width: 100px;\n--wpforms-background-height: 100px;\n--wpforms-background-color: rgba( 0, 0, 0, 0 );\n--wpforms-background-url: none;\n--wpforms-container-padding: 0px;\n--wpforms-container-border-style: none;\n--wpforms-container-border-width: 1px;\n--wpforms-container-border-color: #000000;\n--wpforms-container-border-radius: 3px;\n--wpforms-field-size-input-height: 43px;\n--wpforms-field-size-input-spacing: 15px;\n--wpforms-field-size-font-size: 16px;\n--wpforms-field-size-line-height: 19px;\n--wpforms-field-size-padding-h: 14px;\n--wpforms-field-size-checkbox-size: 16px;\n--wpforms-field-size-sublabel-spacing: 5px;\n--wpforms-field-size-icon-size: 1;\n--wpforms-label-size-font-size: 16px;\n--wpforms-label-size-line-height: 19px;\n--wpforms-label-size-sublabel-font-size: 14px;\n--wpforms-label-size-sublabel-line-height: 17px;\n--wpforms-button-size-font-size: 17px;\n--wpforms-button-size-height: 41px;\n--wpforms-button-size-padding-h: 15px;\n--wpforms-button-size-margin-top: 10px;\n--wpforms-container-shadow-size-box-shadow: none;\n\n\t\t\t\t}\n\t\t\t<\/style><div class=\"wpforms-container wpforms-container-full wpforms-block wpforms-block-c11bbd3a-f492-4c35-8a4e-a175639085d0 wpforms-render-modern\" id=\"wpforms-829\"><form id=\"wpforms-form-829\" class=\"wpforms-validate wpforms-form wpforms-ajax-form\" data-formid=\"829\" method=\"post\" enctype=\"multipart\/form-data\" action=\"\/2024\/efc\/eq4\/wp-json\/wp\/v2\/pages\/697\" data-token=\"7fc4fbba66bbae18bec740a299c6b8e4\" data-token-time=\"1778253429\"><noscript class=\"wpforms-error-noscript\">Please enable JavaScript in your browser to complete this form.<\/noscript><div class=\"wpforms-hidden\" id=\"wpforms-error-noscript\">Please enable JavaScript in your browser to complete this form.<\/div><div class=\"wpforms-field-container\"><div id=\"wpforms-829-field_3-container\" class=\"wpforms-field wpforms-field-name\" data-field-id=\"3\"><label class=\"wpforms-field-label wpforms-label-hide\" for=\"wpforms-829-field_3\" aria-hidden=\"false\">Nom <span class=\"wpforms-required-label\" aria-hidden=\"true\">*<\/span><\/label><input type=\"text\" id=\"wpforms-829-field_3\" class=\"wpforms-field-large wpforms-field-required\" name=\"wpforms[fields][3]\" placeholder=\"Nom\" aria-errormessage=\"wpforms-829-field_3-error\" required><\/div><div id=\"wpforms-829-field_2-container\" class=\"wpforms-field wpforms-field-email\" data-field-id=\"2\"><label class=\"wpforms-field-label wpforms-label-hide\" for=\"wpforms-829-field_2\" aria-hidden=\"false\">Courriel <span class=\"wpforms-required-label\" aria-hidden=\"true\">*<\/span><\/label><input type=\"email\" id=\"wpforms-829-field_2\" class=\"wpforms-field-large wpforms-field-required\" name=\"wpforms[fields][2]\" placeholder=\"Courriel\" spellcheck=\"false\" aria-errormessage=\"wpforms-829-field_2-error\" required><\/div><div id=\"wpforms-829-field_6-container\" class=\"wpforms-field wpforms-field-select wpforms-field-select-style-classic\" data-field-id=\"6\"><label class=\"wpforms-field-label wpforms-label-hide\" for=\"wpforms-829-field_6\" aria-hidden=\"false\">Plan de partenariat<\/label><select id=\"wpforms-829-field_6\" class=\"wpforms-field-large\" name=\"wpforms[fields][6]\"><option value=\"\" class=\"placeholder\" disabled  selected='selected'>Plan de partenariat<\/option><option value=\"\u00c0 discuter\" >\u00c0 discuter<\/option><option value=\"Bronze\" >Bronze<\/option><option value=\"Argent\" >Argent<\/option><option value=\"Or\" >Or<\/option><option value=\"Platine\" >Platine<\/option><option value=\"Diamant\" >Diamant<\/option><\/select><\/div><div id=\"wpforms-829-field_4-container\" class=\"wpforms-field wpforms-field-text\" data-field-id=\"4\"><label class=\"wpforms-field-label wpforms-label-hide\" for=\"wpforms-829-field_4\" aria-hidden=\"false\">Objet<\/label><input type=\"text\" id=\"wpforms-829-field_4\" class=\"wpforms-field-large\" name=\"wpforms[fields][4]\" placeholder=\"Objet\" aria-errormessage=\"wpforms-829-field_4-error\" ><\/div><div id=\"wpforms-829-field_5-container\" class=\"wpforms-field wpforms-field-textarea\" data-field-id=\"5\"><label class=\"wpforms-field-label wpforms-label-hide\" for=\"wpforms-829-field_5\" aria-hidden=\"false\">Votre message<\/label><textarea id=\"wpforms-829-field_5\" class=\"wpforms-field-medium\" name=\"wpforms[fields][5]\" placeholder=\"Votre message\" aria-errormessage=\"wpforms-829-field_5-error\" ><\/textarea><\/div><\/div><!-- .wpforms-field-container --><div class=\"wpforms-recaptcha-container wpforms-is-recaptcha wpforms-is-recaptcha-type-v2\" ><div class=\"g-recaptcha\" data-sitekey=\"6LeDw5gqAAAAAO_h9X3uVwRyexwQp0jvIFE-JUMu\"><\/div><input type=\"text\" name=\"g-recaptcha-hidden\" class=\"wpforms-recaptcha-hidden\" style=\"position:absolute!important;clip:rect(0,0,0,0)!important;height:1px!important;width:1px!important;border:0!important;overflow:hidden!important;padding:0!important;margin:0!important;\" data-rule-recaptcha=\"1\"><\/div><div class=\"wpforms-submit-container\" ><input type=\"hidden\" name=\"wpforms[id]\" value=\"829\"><input type=\"hidden\" name=\"page_title\" value=\"\"><input type=\"hidden\" name=\"page_url\" value=\"https:\/\/projet4.timmatane.ca\/2024\/efc\/eq4\/wp-json\/wp\/v2\/pages\/697\"><button type=\"submit\" name=\"wpforms[submit]\" id=\"wpforms-submit-829\" class=\"wpforms-submit\" data-alt-text=\"Envoi en cours...\" data-submit-text=\"Envoyer\" aria-live=\"assertive\" value=\"wpforms-submit\">Envoyer<\/button><img loading=\"lazy\" decoding=\"async\" src=\"https:\/\/projet4.timmatane.ca\/2024\/efc\/eq4\/wp-content\/plugins\/wpforms-lite\/assets\/images\/submit-spin.svg\" class=\"wpforms-submit-spinner\" style=\"display: none;\" width=\"26\" height=\"26\" alt=\"Loading\"><\/div><\/form><\/div>  <!-- .wpforms-container -->\n\n\n<\/div>\n<\/div>\n<\/section>\n","protected":false},"excerpt":{"rendered":"<p>N\u2019h\u00e9sitez pas \u00e0 nous contacter Vous voulez devenir partenaire officiel? Notre \u00e9quipe sera ravie de vous r\u00e9pondre ! \u00c9quipe Baja Nordic-Wolf Universit\u00e9 du Qu\u00e9bec \u00e0 Rimouski 300 All\u00e9e des Ursulines, C.P. 3300, succ. A\u2028 Rimouski (Qu\u00e9bec) Canada\u2028 G5L 3A1 Courriel : bajanordicwolf@gmail.com<\/p>\n","protected":false},"author":2,"featured_media":0,"parent":0,"menu_order":0,"comment_status":"closed","ping_status":"closed","template":"templates\/contact-templates.php","meta":{"_acf_changed":false,"footnotes":""},"class_list":["post-697","page","type-page","status-publish","hentry"],"acf":[],"yoast_head":"<!-- This site is optimized with the Yoast SEO plugin v24.0 - https:\/\/yoast.com\/wordpress\/plugins\/seo\/ -->\n<title>Devenir partenaire - Nordic Wolf<\/title>\n<meta name=\"robots\" content=\"noindex, follow, max-snippet:-1, max-image-preview:large, max-video-preview:-1\" \/>\n<meta property=\"og:locale\" content=\"fr_CA\" \/>\n<meta property=\"og:type\" content=\"article\" \/>\n<meta property=\"og:title\" content=\"Devenir partenaire - Nordic Wolf\" \/>\n<meta property=\"og:description\" content=\"N\u2019h\u00e9sitez pas \u00e0 nous contacter Vous voulez devenir partenaire officiel? Notre \u00e9quipe sera ravie de vous r\u00e9pondre ! \u00c9quipe Baja Nordic-Wolf Universit\u00e9 du Qu\u00e9bec \u00e0 Rimouski 300 All\u00e9e des Ursulines, C.P. 3300, succ. A\u2028 Rimouski (Qu\u00e9bec) Canada\u2028 G5L 3A1 Courriel : bajanordicwolf@gmail.com\" \/>\n<meta property=\"og:url\" content=\"https:\/\/projet4.timmatane.ca\/2024\/efc\/eq4\/devenir-partenaire\/\" \/>\n<meta property=\"og:site_name\" content=\"Nordic Wolf\" \/>\n<meta property=\"article:publisher\" content=\"https:\/\/www.facebook.com\/bajasaeuqar\/?fref=ts\" \/>\n<meta property=\"article:modified_time\" content=\"2024-12-13T19:13:41+00:00\" \/>\n<meta name=\"twitter:card\" content=\"summary_large_image\" \/>\n<meta name=\"twitter:label1\" content=\"Estimation du temps de lecture\" \/>\n\t<meta name=\"twitter:data1\" content=\"2 minutes\" \/>\n<script type=\"application\/ld+json\" class=\"yoast-schema-graph\">{\"@context\":\"https:\/\/schema.org\",\"@graph\":[{\"@type\":\"WebPage\",\"@id\":\"https:\/\/projet4.timmatane.ca\/2024\/efc\/eq4\/devenir-partenaire\/\",\"url\":\"https:\/\/projet4.timmatane.ca\/2024\/efc\/eq4\/devenir-partenaire\/\",\"name\":\"Devenir partenaire - Nordic Wolf\",\"isPartOf\":{\"@id\":\"https:\/\/projet4.timmatane.ca\/2024\/efc\/eq4\/#website\"},\"datePublished\":\"2024-12-04T14:35:29+00:00\",\"dateModified\":\"2024-12-13T19:13:41+00:00\",\"breadcrumb\":{\"@id\":\"https:\/\/projet4.timmatane.ca\/2024\/efc\/eq4\/devenir-partenaire\/#breadcrumb\"},\"inLanguage\":\"fr-CA\",\"potentialAction\":[{\"@type\":\"ReadAction\",\"target\":[\"https:\/\/projet4.timmatane.ca\/2024\/efc\/eq4\/devenir-partenaire\/\"]}]},{\"@type\":\"BreadcrumbList\",\"@id\":\"https:\/\/projet4.timmatane.ca\/2024\/efc\/eq4\/devenir-partenaire\/#breadcrumb\",\"itemListElement\":[{\"@type\":\"ListItem\",\"position\":1,\"name\":\"Accueil\",\"item\":\"https:\/\/projet4.timmatane.ca\/2024\/efc\/eq4\/\"},{\"@type\":\"ListItem\",\"position\":2,\"name\":\"Devenir partenaire\"}]},{\"@type\":\"WebSite\",\"@id\":\"https:\/\/projet4.timmatane.ca\/2024\/efc\/eq4\/#website\",\"url\":\"https:\/\/projet4.timmatane.ca\/2024\/efc\/eq4\/\",\"name\":\"Nordic Wolf\",\"description\":\"Nordic Wolf est une \u00e9quipe de l&#039;Universit\u00e9 de Rimouski d\u00e9di\u00e9e \u00e0 concevoir et tester des v\u00e9hicules tout-terrain performants dans des comp\u00e9titions \u00e9tudiantes.\",\"publisher\":{\"@id\":\"https:\/\/projet4.timmatane.ca\/2024\/efc\/eq4\/#organization\"},\"potentialAction\":[{\"@type\":\"SearchAction\",\"target\":{\"@type\":\"EntryPoint\",\"urlTemplate\":\"https:\/\/projet4.timmatane.ca\/2024\/efc\/eq4\/?s={search_term_string}\"},\"query-input\":{\"@type\":\"PropertyValueSpecification\",\"valueRequired\":true,\"valueName\":\"search_term_string\"}}],\"inLanguage\":\"fr-CA\"},{\"@type\":\"Organization\",\"@id\":\"https:\/\/projet4.timmatane.ca\/2024\/efc\/eq4\/#organization\",\"name\":\"Nordic Wolf\",\"url\":\"https:\/\/projet4.timmatane.ca\/2024\/efc\/eq4\/\",\"logo\":{\"@type\":\"ImageObject\",\"inLanguage\":\"fr-CA\",\"@id\":\"https:\/\/projet4.timmatane.ca\/2024\/efc\/eq4\/#\/schema\/logo\/image\/\",\"url\":\"https:\/\/projet4.timmatane.ca\/2024\/efc\/eq4\/wp-content\/uploads\/2024\/11\/logo-nordic-wolf-cropped.png\",\"contentUrl\":\"https:\/\/projet4.timmatane.ca\/2024\/efc\/eq4\/wp-content\/uploads\/2024\/11\/logo-nordic-wolf-cropped.png\",\"width\":732,\"height\":732,\"caption\":\"Nordic Wolf\"},\"image\":{\"@id\":\"https:\/\/projet4.timmatane.ca\/2024\/efc\/eq4\/#\/schema\/logo\/image\/\"},\"sameAs\":[\"https:\/\/www.facebook.com\/bajasaeuqar\/?fref=ts\",\"https:\/\/www.instagram.com\/bajauqar\/?utm_source=ig_web_button_share_sheet&igsh=ZDNlZDc0MzIxNw\"]}]}<\/script>\n<!-- \/ Yoast SEO plugin. -->","yoast_head_json":{"title":"Devenir partenaire - Nordic Wolf","robots":{"index":"noindex","follow":"follow","max-snippet":"max-snippet:-1","max-image-preview":"max-image-preview:large","max-video-preview":"max-video-preview:-1"},"og_locale":"fr_CA","og_type":"article","og_title":"Devenir partenaire - Nordic Wolf","og_description":"N\u2019h\u00e9sitez pas \u00e0 nous contacter Vous voulez devenir partenaire officiel? Notre \u00e9quipe sera ravie de vous r\u00e9pondre ! \u00c9quipe Baja Nordic-Wolf Universit\u00e9 du Qu\u00e9bec \u00e0 Rimouski 300 All\u00e9e des Ursulines, C.P. 3300, succ. A\u2028 Rimouski (Qu\u00e9bec) Canada\u2028 G5L 3A1 Courriel : bajanordicwolf@gmail.com","og_url":"https:\/\/projet4.timmatane.ca\/2024\/efc\/eq4\/devenir-partenaire\/","og_site_name":"Nordic Wolf","article_publisher":"https:\/\/www.facebook.com\/bajasaeuqar\/?fref=ts","article_modified_time":"2024-12-13T19:13:41+00:00","twitter_card":"summary_large_image","twitter_misc":{"Estimation du temps de lecture":"2 minutes"},"schema":{"@context":"https:\/\/schema.org","@graph":[{"@type":"WebPage","@id":"https:\/\/projet4.timmatane.ca\/2024\/efc\/eq4\/devenir-partenaire\/","url":"https:\/\/projet4.timmatane.ca\/2024\/efc\/eq4\/devenir-partenaire\/","name":"Devenir partenaire - Nordic Wolf","isPartOf":{"@id":"https:\/\/projet4.timmatane.ca\/2024\/efc\/eq4\/#website"},"datePublished":"2024-12-04T14:35:29+00:00","dateModified":"2024-12-13T19:13:41+00:00","breadcrumb":{"@id":"https:\/\/projet4.timmatane.ca\/2024\/efc\/eq4\/devenir-partenaire\/#breadcrumb"},"inLanguage":"fr-CA","potentialAction":[{"@type":"ReadAction","target":["https:\/\/projet4.timmatane.ca\/2024\/efc\/eq4\/devenir-partenaire\/"]}]},{"@type":"BreadcrumbList","@id":"https:\/\/projet4.timmatane.ca\/2024\/efc\/eq4\/devenir-partenaire\/#breadcrumb","itemListElement":[{"@type":"ListItem","position":1,"name":"Accueil","item":"https:\/\/projet4.timmatane.ca\/2024\/efc\/eq4\/"},{"@type":"ListItem","position":2,"name":"Devenir partenaire"}]},{"@type":"WebSite","@id":"https:\/\/projet4.timmatane.ca\/2024\/efc\/eq4\/#website","url":"https:\/\/projet4.timmatane.ca\/2024\/efc\/eq4\/","name":"Nordic Wolf","description":"Nordic Wolf est une \u00e9quipe de l&#039;Universit\u00e9 de Rimouski d\u00e9di\u00e9e \u00e0 concevoir et tester des v\u00e9hicules tout-terrain performants dans des comp\u00e9titions \u00e9tudiantes.","publisher":{"@id":"https:\/\/projet4.timmatane.ca\/2024\/efc\/eq4\/#organization"},"potentialAction":[{"@type":"SearchAction","target":{"@type":"EntryPoint","urlTemplate":"https:\/\/projet4.timmatane.ca\/2024\/efc\/eq4\/?s={search_term_string}"},"query-input":{"@type":"PropertyValueSpecification","valueRequired":true,"valueName":"search_term_string"}}],"inLanguage":"fr-CA"},{"@type":"Organization","@id":"https:\/\/projet4.timmatane.ca\/2024\/efc\/eq4\/#organization","name":"Nordic Wolf","url":"https:\/\/projet4.timmatane.ca\/2024\/efc\/eq4\/","logo":{"@type":"ImageObject","inLanguage":"fr-CA","@id":"https:\/\/projet4.timmatane.ca\/2024\/efc\/eq4\/#\/schema\/logo\/image\/","url":"https:\/\/projet4.timmatane.ca\/2024\/efc\/eq4\/wp-content\/uploads\/2024\/11\/logo-nordic-wolf-cropped.png","contentUrl":"https:\/\/projet4.timmatane.ca\/2024\/efc\/eq4\/wp-content\/uploads\/2024\/11\/logo-nordic-wolf-cropped.png","width":732,"height":732,"caption":"Nordic Wolf"},"image":{"@id":"https:\/\/projet4.timmatane.ca\/2024\/efc\/eq4\/#\/schema\/logo\/image\/"},"sameAs":["https:\/\/www.facebook.com\/bajasaeuqar\/?fref=ts","https:\/\/www.instagram.com\/bajauqar\/?utm_source=ig_web_button_share_sheet&igsh=ZDNlZDc0MzIxNw"]}]}},"_links":{"self":[{"href":"https:\/\/projet4.timmatane.ca\/2024\/efc\/eq4\/wp-json\/wp\/v2\/pages\/697","targetHints":{"allow":["GET"]}}],"collection":[{"href":"https:\/\/projet4.timmatane.ca\/2024\/efc\/eq4\/wp-json\/wp\/v2\/pages"}],"about":[{"href":"https:\/\/projet4.timmatane.ca\/2024\/efc\/eq4\/wp-json\/wp\/v2\/types\/page"}],"author":[{"embeddable":true,"href":"https:\/\/projet4.timmatane.ca\/2024\/efc\/eq4\/wp-json\/wp\/v2\/users\/2"}],"replies":[{"embeddable":true,"href":"https:\/\/projet4.timmatane.ca\/2024\/efc\/eq4\/wp-json\/wp\/v2\/comments?post=697"}],"version-history":[{"count":18,"href":"https:\/\/projet4.timmatane.ca\/2024\/efc\/eq4\/wp-json\/wp\/v2\/pages\/697\/revisions"}],"predecessor-version":[{"id":892,"href":"https:\/\/projet4.timmatane.ca\/2024\/efc\/eq4\/wp-json\/wp\/v2\/pages\/697\/revisions\/892"}],"wp:attachment":[{"href":"https:\/\/projet4.timmatane.ca\/2024\/efc\/eq4\/wp-json\/wp\/v2\/media?parent=697"}],"curies":[{"name":"wp","href":"https:\/\/api.w.org\/{rel}","templated":true}]}}