{"id":485,"date":"2024-11-26T10:28:17","date_gmt":"2024-11-26T15:28:17","guid":{"rendered":"https:\/\/projet4.timmatane.ca\/2024\/efc\/eq4\/?page_id=485"},"modified":"2024-12-13T13:33:59","modified_gmt":"2024-12-13T18:33:59","slug":"galerie","status":"publish","type":"page","link":"https:\/\/projet4.timmatane.ca\/2024\/efc\/eq4\/galerie\/","title":{"rendered":"Galerie"},"content":{"rendered":"\n<section class=\"w-full mt-20\">\n\t<h5 class=\"text-center md:text-left text-base md:text-lg font-medium text-[#3DB67C] mb-3 px-5 md:px-40\">\n\t\tGalerie\n\t<\/h5>\n\t<h3 class=\"text-center md:text-left titre-font text-xl md:text-5xl mt-0 px-5 md:px-40\">\n\t\tNos derni\u00e8res comp\u00e9titions\n\t<\/h3>\n\n        <div>\n        \t\t<section class=\"w-full my-5 px-5 md:px-10 lg:px-40 relative overflow-hidden\">\n\t\t\t<div class=\"relative\">\n\t\t\t\t<!-- Dropdown de filtrage -->\n\t\t\t\t<p class=\"text-center italic\">Filtrer par ann\u00e9e :<\/p>\n\t\t\t\t<select id=\"year-filter\" class=\"flex justify-center items-center mx-auto w-full md:w-80 text-center md:text-left mb-5 p-2 px-5 border-[#00032A] border-2 shadow-green rounded-full bg-[#3DB67C] text-white font-bold text-xl\" onchange=\"filterByYear()\">\n\t\t\t\t\t<option value=\"all\">Toutes les ann\u00e9es<\/option>\n\t\t\t\t\t\t\t\t\t\t\t<option value=\"2017\">2017<\/option>\n\t\t\t\t\t\t\t\t\t\t\t<option value=\"2024\">2024<\/option>\n\t\t\t\t\t\t\t\t\t<\/select>\n\n\t\t\t\t<!-- Galerie de photos -->\n\t\t\t\t<div id=\"photo-gallery\" class=\"columns-2 lg:columns-4 gap-4 mt-5 z-10\">\n\t\t\t\t\t\t\t\t\t\t\t\t<div class=\"photo-item mb-3\" data-year=\"2017\">\n\t\t\t\t\t\t\t\t<img \n\t\t\t\t\t\t\t\t\tclass=\"w-full h-auto object-cover rounded shadow pointer-events-auto select-none cursor-pointer\" \n\t\t\t\t\t\t\t\t\tsrc=\"https:\/\/projet4.timmatane.ca\/2024\/efc\/eq4\/wp-content\/uploads\/2024\/11\/IMG_1425-1-768x512-1.jpg\" \n\t\t\t\t\t\t\t\t\talt=\"Test photo 6\" \n\t\t\t\t\t\t\t\t\tonclick=\"openModal('https:\/\/projet4.timmatane.ca\/2024\/efc\/eq4\/wp-content\/uploads\/2024\/11\/IMG_1425-1-768x512-1.jpg')\">\n\t\t\t\t\t\t\t<\/div>\n\t\t\t\t\t\t\t\t\t\t\t\t\t<div class=\"photo-item mb-3\" data-year=\"2024\">\n\t\t\t\t\t\t\t\t<img \n\t\t\t\t\t\t\t\t\tclass=\"w-full h-auto object-cover rounded shadow pointer-events-auto select-none cursor-pointer\" \n\t\t\t\t\t\t\t\t\tsrc=\"https:\/\/projet4.timmatane.ca\/2024\/efc\/eq4\/wp-content\/uploads\/2024\/11\/31902235933_293592eda7_o-768x432-1.jpg\" \n\t\t\t\t\t\t\t\t\talt=\"Test photo 5\" \n\t\t\t\t\t\t\t\t\tonclick=\"openModal('https:\/\/projet4.timmatane.ca\/2024\/efc\/eq4\/wp-content\/uploads\/2024\/11\/31902235933_293592eda7_o-768x432-1.jpg')\">\n\t\t\t\t\t\t\t<\/div>\n\t\t\t\t\t\t\t\t\t\t\t\t\t<div class=\"photo-item mb-3\" data-year=\"2024\">\n\t\t\t\t\t\t\t\t<img \n\t\t\t\t\t\t\t\t\tclass=\"w-full h-auto object-cover rounded shadow pointer-events-auto select-none cursor-pointer\" \n\t\t\t\t\t\t\t\t\tsrc=\"https:\/\/projet4.timmatane.ca\/2024\/efc\/eq4\/wp-content\/uploads\/2024\/11\/27798057_2110838372264591_8009105117937630873_o-768x512-1.jpg\" \n\t\t\t\t\t\t\t\t\talt=\"Test photo 4\" \n\t\t\t\t\t\t\t\t\tonclick=\"openModal('https:\/\/projet4.timmatane.ca\/2024\/efc\/eq4\/wp-content\/uploads\/2024\/11\/27798057_2110838372264591_8009105117937630873_o-768x512-1.jpg')\">\n\t\t\t\t\t\t\t<\/div>\n\t\t\t\t\t\t\t\t\t\t\t\t\t<div class=\"photo-item mb-3\" data-year=\"2024\">\n\t\t\t\t\t\t\t\t<img \n\t\t\t\t\t\t\t\t\tclass=\"w-full h-auto object-cover rounded shadow pointer-events-auto select-none cursor-pointer\" \n\t\t\t\t\t\t\t\t\tsrc=\"https:\/\/projet4.timmatane.ca\/2024\/efc\/eq4\/wp-content\/uploads\/2024\/11\/hiver.jpg\" \n\t\t\t\t\t\t\t\t\talt=\"Test photo 3\" \n\t\t\t\t\t\t\t\t\tonclick=\"openModal('https:\/\/projet4.timmatane.ca\/2024\/efc\/eq4\/wp-content\/uploads\/2024\/11\/hiver.jpg')\">\n\t\t\t\t\t\t\t<\/div>\n\t\t\t\t\t\t\t\t\t\t\t\t\t<div class=\"photo-item mb-3\" data-year=\"2024\">\n\t\t\t\t\t\t\t\t<img \n\t\t\t\t\t\t\t\t\tclass=\"w-full h-auto object-cover rounded shadow pointer-events-auto select-none cursor-pointer\" \n\t\t\t\t\t\t\t\t\tsrc=\"https:\/\/projet4.timmatane.ca\/2024\/efc\/eq4\/wp-content\/uploads\/2024\/11\/IMG_2701-002-300x225-1.jpg\" \n\t\t\t\t\t\t\t\t\talt=\"Test photo 2\" \n\t\t\t\t\t\t\t\t\tonclick=\"openModal('https:\/\/projet4.timmatane.ca\/2024\/efc\/eq4\/wp-content\/uploads\/2024\/11\/IMG_2701-002-300x225-1.jpg')\">\n\t\t\t\t\t\t\t<\/div>\n\t\t\t\t\t\t\t\t\t\t\t\t\t<div class=\"photo-item mb-3\" data-year=\"2024\">\n\t\t\t\t\t\t\t\t<img \n\t\t\t\t\t\t\t\t\tclass=\"w-full h-auto object-cover rounded shadow pointer-events-auto select-none cursor-pointer\" \n\t\t\t\t\t\t\t\t\tsrc=\"https:\/\/projet4.timmatane.ca\/2024\/efc\/eq4\/wp-content\/uploads\/2024\/11\/33186051_10156182106305977_8054257307246133248_o-768x512-1.jpg\" \n\t\t\t\t\t\t\t\t\talt=\"test 1\" \n\t\t\t\t\t\t\t\t\tonclick=\"openModal('https:\/\/projet4.timmatane.ca\/2024\/efc\/eq4\/wp-content\/uploads\/2024\/11\/33186051_10156182106305977_8054257307246133248_o-768x512-1.jpg')\">\n\t\t\t\t\t\t\t<\/div>\n\t\t\t\t\t\t\t\t\t\t\t\t\t<div class=\"photo-item mb-3\" data-year=\"2024\">\n\t\t\t\t\t\t\t\t<img \n\t\t\t\t\t\t\t\t\tclass=\"w-full h-auto object-cover rounded shadow pointer-events-auto select-none cursor-pointer\" \n\t\t\t\t\t\t\t\t\tsrc=\"https:\/\/projet4.timmatane.ca\/2024\/efc\/eq4\/wp-content\/uploads\/2024\/11\/IMG_1604-768x576-1.jpg\" \n\t\t\t\t\t\t\t\t\talt=\"Beaucoup de personnes autour de la voiture\" \n\t\t\t\t\t\t\t\t\tonclick=\"openModal('https:\/\/projet4.timmatane.ca\/2024\/efc\/eq4\/wp-content\/uploads\/2024\/11\/IMG_1604-768x576-1.jpg')\">\n\t\t\t\t\t\t\t<\/div>\n\t\t\t\t\t\t\t\t\t\t\t\t\t\t\t\t\t\t\t\t<\/div>\n\t\t\t<\/div>\n\n\t\t\t<!-- Modal -->\n\t\t\t<div id=\"photo-modal\" class=\"hidden fixed top-0 left-0 w-full h-full bg-black bg-opacity-75 flex justify-center items-center z-50\">\n\t\t\t\t<div class=\"relative bg-white rounded shadow-lg p-4 max-w-3xl mx-auto\">\n\t\t\t\t\t<!-- Image dans le modal -->\n\t\t\t\t\t<img id=\"modal-image\" class=\"w-full h-auto object-contain rounded-lg\" alt=\"Photo agrandie\">\n\t\t\t\t\t\n\t\t\t\t\t<!-- Bouton de fermeture -->\n\t\t\t\t\t<button \n\t\t\t\t\t\tclass=\"absolute top-2 right-2 bg-red-500 text-white rounded-full w-8 h-8 flex items-center justify-center focus:outline-none text-3xl\"\n\t\t\t\t\t\tonclick=\"closeModal()\"\n\t\t\t\t\t>\n\t\t\t\t\t\t&times;\n\t\t\t\t\t<\/button>\n\t\t\t\t<\/div>\n\t\t\t<\/div>\n\t\t<\/section>\n\n\t\t<script>\n\t\t\tfunction filterByYear() {\n\t\t\t\tconst selectedYear = document.getElementById('year-filter').value;\n\t\t\t\tconst photos = document.querySelectorAll('.photo-item');\n\n\t\t\t\tphotos.forEach(photo => {\n\t\t\t\t\tconst photoYear = photo.getAttribute('data-year');\n\t\t\t\t\tif (selectedYear === 'all' || photoYear === selectedYear) {\n\t\t\t\t\t\tphoto.style.display = 'block';\n\t\t\t\t\t} else {\n\t\t\t\t\t\tphoto.style.display = 'none';\n\t\t\t\t\t}\n\t\t\t\t});\n\t\t\t}\n\n\t\t\tfunction openModal(imageUrl) {\n\t\t\t\tconst modal = document.getElementById('photo-modal');\n\t\t\t\tconst modalImage = document.getElementById('modal-image');\n\t\t\t\tmodalImage.src = imageUrl;\n\t\t\t\tmodal.classList.remove('hidden');\n\t\t\t}\n\n\t\t\tfunction closeModal() {\n\t\t\t\tconst modal = document.getElementById('photo-modal');\n\t\t\t\tmodal.classList.add('hidden');\n\t\t\t}\n\t\t<\/script>\n\n\t\t\n        <\/div>\n<\/section>\n","protected":false},"excerpt":{"rendered":"<p>Galerie Nos derni\u00e8res comp\u00e9titions<\/p>\n","protected":false},"author":2,"featured_media":0,"parent":0,"menu_order":0,"comment_status":"closed","ping_status":"closed","template":"templates\/galerie-templates.php","meta":{"_acf_changed":false,"footnotes":""},"class_list":["post-485","page","type-page","status-publish","hentry"],"acf":[],"yoast_head":"<!-- This site is optimized with the Yoast SEO plugin v24.0 - https:\/\/yoast.com\/wordpress\/plugins\/seo\/ -->\n<title>Galerie - Nordic Wolf<\/title>\n<meta name=\"robots\" content=\"noindex, follow, max-snippet:-1, max-image-preview:large, max-video-preview:-1\" \/>\n<meta property=\"og:locale\" content=\"fr_CA\" \/>\n<meta property=\"og:type\" content=\"article\" \/>\n<meta property=\"og:title\" content=\"Galerie - Nordic Wolf\" \/>\n<meta property=\"og:description\" content=\"Galerie Nos derni\u00e8res comp\u00e9titions\" \/>\n<meta property=\"og:url\" content=\"https:\/\/projet4.timmatane.ca\/2024\/efc\/eq4\/galerie\/\" \/>\n<meta property=\"og:site_name\" content=\"Nordic Wolf\" \/>\n<meta property=\"article:publisher\" content=\"https:\/\/www.facebook.com\/bajasaeuqar\/?fref=ts\" \/>\n<meta property=\"article:modified_time\" content=\"2024-12-13T18:33:59+00:00\" \/>\n<meta name=\"twitter:card\" content=\"summary_large_image\" \/>\n<meta name=\"twitter:label1\" content=\"Estimation du temps de lecture\" \/>\n\t<meta name=\"twitter:data1\" content=\"1 minute\" \/>\n<script type=\"application\/ld+json\" class=\"yoast-schema-graph\">{\"@context\":\"https:\/\/schema.org\",\"@graph\":[{\"@type\":\"WebPage\",\"@id\":\"https:\/\/projet4.timmatane.ca\/2024\/efc\/eq4\/galerie\/\",\"url\":\"https:\/\/projet4.timmatane.ca\/2024\/efc\/eq4\/galerie\/\",\"name\":\"Galerie - Nordic Wolf\",\"isPartOf\":{\"@id\":\"https:\/\/projet4.timmatane.ca\/2024\/efc\/eq4\/#website\"},\"datePublished\":\"2024-11-26T15:28:17+00:00\",\"dateModified\":\"2024-12-13T18:33:59+00:00\",\"breadcrumb\":{\"@id\":\"https:\/\/projet4.timmatane.ca\/2024\/efc\/eq4\/galerie\/#breadcrumb\"},\"inLanguage\":\"fr-CA\",\"potentialAction\":[{\"@type\":\"ReadAction\",\"target\":[\"https:\/\/projet4.timmatane.ca\/2024\/efc\/eq4\/galerie\/\"]}]},{\"@type\":\"BreadcrumbList\",\"@id\":\"https:\/\/projet4.timmatane.ca\/2024\/efc\/eq4\/galerie\/#breadcrumb\",\"itemListElement\":[{\"@type\":\"ListItem\",\"position\":1,\"name\":\"Accueil\",\"item\":\"https:\/\/projet4.timmatane.ca\/2024\/efc\/eq4\/\"},{\"@type\":\"ListItem\",\"position\":2,\"name\":\"Galerie\"}]},{\"@type\":\"WebSite\",\"@id\":\"https:\/\/projet4.timmatane.ca\/2024\/efc\/eq4\/#website\",\"url\":\"https:\/\/projet4.timmatane.ca\/2024\/efc\/eq4\/\",\"name\":\"Nordic Wolf\",\"description\":\"Nordic Wolf est une \u00e9quipe de l&#039;Universit\u00e9 de Rimouski d\u00e9di\u00e9e \u00e0 concevoir et tester des v\u00e9hicules tout-terrain performants dans des comp\u00e9titions \u00e9tudiantes.\",\"publisher\":{\"@id\":\"https:\/\/projet4.timmatane.ca\/2024\/efc\/eq4\/#organization\"},\"potentialAction\":[{\"@type\":\"SearchAction\",\"target\":{\"@type\":\"EntryPoint\",\"urlTemplate\":\"https:\/\/projet4.timmatane.ca\/2024\/efc\/eq4\/?s={search_term_string}\"},\"query-input\":{\"@type\":\"PropertyValueSpecification\",\"valueRequired\":true,\"valueName\":\"search_term_string\"}}],\"inLanguage\":\"fr-CA\"},{\"@type\":\"Organization\",\"@id\":\"https:\/\/projet4.timmatane.ca\/2024\/efc\/eq4\/#organization\",\"name\":\"Nordic Wolf\",\"url\":\"https:\/\/projet4.timmatane.ca\/2024\/efc\/eq4\/\",\"logo\":{\"@type\":\"ImageObject\",\"inLanguage\":\"fr-CA\",\"@id\":\"https:\/\/projet4.timmatane.ca\/2024\/efc\/eq4\/#\/schema\/logo\/image\/\",\"url\":\"https:\/\/projet4.timmatane.ca\/2024\/efc\/eq4\/wp-content\/uploads\/2024\/11\/logo-nordic-wolf-cropped.png\",\"contentUrl\":\"https:\/\/projet4.timmatane.ca\/2024\/efc\/eq4\/wp-content\/uploads\/2024\/11\/logo-nordic-wolf-cropped.png\",\"width\":732,\"height\":732,\"caption\":\"Nordic Wolf\"},\"image\":{\"@id\":\"https:\/\/projet4.timmatane.ca\/2024\/efc\/eq4\/#\/schema\/logo\/image\/\"},\"sameAs\":[\"https:\/\/www.facebook.com\/bajasaeuqar\/?fref=ts\",\"https:\/\/www.instagram.com\/bajauqar\/?utm_source=ig_web_button_share_sheet&igsh=ZDNlZDc0MzIxNw\"]}]}<\/script>\n<!-- \/ Yoast SEO plugin. -->","yoast_head_json":{"title":"Galerie - Nordic Wolf","robots":{"index":"noindex","follow":"follow","max-snippet":"max-snippet:-1","max-image-preview":"max-image-preview:large","max-video-preview":"max-video-preview:-1"},"og_locale":"fr_CA","og_type":"article","og_title":"Galerie - Nordic Wolf","og_description":"Galerie Nos derni\u00e8res comp\u00e9titions","og_url":"https:\/\/projet4.timmatane.ca\/2024\/efc\/eq4\/galerie\/","og_site_name":"Nordic Wolf","article_publisher":"https:\/\/www.facebook.com\/bajasaeuqar\/?fref=ts","article_modified_time":"2024-12-13T18:33:59+00:00","twitter_card":"summary_large_image","twitter_misc":{"Estimation du temps de lecture":"1 minute"},"schema":{"@context":"https:\/\/schema.org","@graph":[{"@type":"WebPage","@id":"https:\/\/projet4.timmatane.ca\/2024\/efc\/eq4\/galerie\/","url":"https:\/\/projet4.timmatane.ca\/2024\/efc\/eq4\/galerie\/","name":"Galerie - Nordic Wolf","isPartOf":{"@id":"https:\/\/projet4.timmatane.ca\/2024\/efc\/eq4\/#website"},"datePublished":"2024-11-26T15:28:17+00:00","dateModified":"2024-12-13T18:33:59+00:00","breadcrumb":{"@id":"https:\/\/projet4.timmatane.ca\/2024\/efc\/eq4\/galerie\/#breadcrumb"},"inLanguage":"fr-CA","potentialAction":[{"@type":"ReadAction","target":["https:\/\/projet4.timmatane.ca\/2024\/efc\/eq4\/galerie\/"]}]},{"@type":"BreadcrumbList","@id":"https:\/\/projet4.timmatane.ca\/2024\/efc\/eq4\/galerie\/#breadcrumb","itemListElement":[{"@type":"ListItem","position":1,"name":"Accueil","item":"https:\/\/projet4.timmatane.ca\/2024\/efc\/eq4\/"},{"@type":"ListItem","position":2,"name":"Galerie"}]},{"@type":"WebSite","@id":"https:\/\/projet4.timmatane.ca\/2024\/efc\/eq4\/#website","url":"https:\/\/projet4.timmatane.ca\/2024\/efc\/eq4\/","name":"Nordic Wolf","description":"Nordic Wolf est une \u00e9quipe de l&#039;Universit\u00e9 de Rimouski d\u00e9di\u00e9e \u00e0 concevoir et tester des v\u00e9hicules tout-terrain performants dans des comp\u00e9titions \u00e9tudiantes.","publisher":{"@id":"https:\/\/projet4.timmatane.ca\/2024\/efc\/eq4\/#organization"},"potentialAction":[{"@type":"SearchAction","target":{"@type":"EntryPoint","urlTemplate":"https:\/\/projet4.timmatane.ca\/2024\/efc\/eq4\/?s={search_term_string}"},"query-input":{"@type":"PropertyValueSpecification","valueRequired":true,"valueName":"search_term_string"}}],"inLanguage":"fr-CA"},{"@type":"Organization","@id":"https:\/\/projet4.timmatane.ca\/2024\/efc\/eq4\/#organization","name":"Nordic Wolf","url":"https:\/\/projet4.timmatane.ca\/2024\/efc\/eq4\/","logo":{"@type":"ImageObject","inLanguage":"fr-CA","@id":"https:\/\/projet4.timmatane.ca\/2024\/efc\/eq4\/#\/schema\/logo\/image\/","url":"https:\/\/projet4.timmatane.ca\/2024\/efc\/eq4\/wp-content\/uploads\/2024\/11\/logo-nordic-wolf-cropped.png","contentUrl":"https:\/\/projet4.timmatane.ca\/2024\/efc\/eq4\/wp-content\/uploads\/2024\/11\/logo-nordic-wolf-cropped.png","width":732,"height":732,"caption":"Nordic Wolf"},"image":{"@id":"https:\/\/projet4.timmatane.ca\/2024\/efc\/eq4\/#\/schema\/logo\/image\/"},"sameAs":["https:\/\/www.facebook.com\/bajasaeuqar\/?fref=ts","https:\/\/www.instagram.com\/bajauqar\/?utm_source=ig_web_button_share_sheet&igsh=ZDNlZDc0MzIxNw"]}]}},"_links":{"self":[{"href":"https:\/\/projet4.timmatane.ca\/2024\/efc\/eq4\/wp-json\/wp\/v2\/pages\/485","targetHints":{"allow":["GET"]}}],"collection":[{"href":"https:\/\/projet4.timmatane.ca\/2024\/efc\/eq4\/wp-json\/wp\/v2\/pages"}],"about":[{"href":"https:\/\/projet4.timmatane.ca\/2024\/efc\/eq4\/wp-json\/wp\/v2\/types\/page"}],"author":[{"embeddable":true,"href":"https:\/\/projet4.timmatane.ca\/2024\/efc\/eq4\/wp-json\/wp\/v2\/users\/2"}],"replies":[{"embeddable":true,"href":"https:\/\/projet4.timmatane.ca\/2024\/efc\/eq4\/wp-json\/wp\/v2\/comments?post=485"}],"version-history":[{"count":4,"href":"https:\/\/projet4.timmatane.ca\/2024\/efc\/eq4\/wp-json\/wp\/v2\/pages\/485\/revisions"}],"predecessor-version":[{"id":889,"href":"https:\/\/projet4.timmatane.ca\/2024\/efc\/eq4\/wp-json\/wp\/v2\/pages\/485\/revisions\/889"}],"wp:attachment":[{"href":"https:\/\/projet4.timmatane.ca\/2024\/efc\/eq4\/wp-json\/wp\/v2\/media?parent=485"}],"curies":[{"name":"wp","href":"https:\/\/api.w.org\/{rel}","templated":true}]}}