{"id":45,"date":"2024-11-01T14:08:35","date_gmt":"2024-11-01T18:08:35","guid":{"rendered":"https:\/\/projet4.timmatane.ca\/2024\/efc\/eq4\/?page_id=45"},"modified":"2024-12-04T10:44:13","modified_gmt":"2024-12-04T15:44:13","slug":"a-propos","status":"publish","type":"page","link":"https:\/\/projet4.timmatane.ca\/2024\/efc\/eq4\/a-propos\/","title":{"rendered":"\u00c0 propos"},"content":{"rendered":"\n<div class=\"wp-block-columns flex gap-0 h-1\/4 m-0\">\n  <!-- Colonne de gauche -->\n  <div class=\"wp-block-column bg-[#00032A] p-12 xl:p-40 flex flex-col justify-center\">\n    <!-- Titre -->\n    <p class=\"text-3xl text-[#41C281] font-bold\">Le BAJA<\/p>\n    <!-- Texte -->\n    <p class=\"text-[#C8C8C8]\">\n      Le projet BAJA SAE UQAR rassemble des \u00e9tudiants passionn\u00e9s par la conception et la fabrication d&rsquo;un v\u00e9hicule monoplace tout-terrain destin\u00e9 \u00e0 concourir lors de comp\u00e9titions internationales organis\u00e9es par la Society of Automotive Engineers (SAE). L&rsquo;objectif est de cr\u00e9er un prototype fiable, capable d\u2019affronter des v\u00e9hicules d\u2019autres universit\u00e9s dans des \u00e9preuves d&rsquo;endurance, de performance, et de pr\u00e9sentation technique\n    <\/p>\n  <\/div>\n  <!-- Colonne de droite avec l'image -->\n  <div class=\"wp-block-column\">\n    <img decoding=\"async\"\n      src=\"https:\/\/projet4.timmatane.ca\/2024\/efc\/eq4\/wp-content\/uploads\/2024\/11\/31902235933_293592eda7_o-768x432-1.jpg\"\n      alt=\"Voiture qui roule sur la neige\"\n      class=\"h-full w-full object-cover\"\n    \/>\n  <\/div>\n<\/div>\n<div class=\"wp-block-columns flex gap-0 h-1\/4 m-0\">\n  <!-- Colonne de gauche -->\n  <div class=\"wp-block-column\">\n    <img decoding=\"async\"\n      src=\"https:\/\/projet4.timmatane.ca\/2024\/efc\/eq4\/wp-content\/uploads\/2024\/11\/c89843a672f444701ae422e347654366.jpg\"\n      alt=\"\"\n      class=\"h-full w-full object-cover\"\n    \/>\n  <\/div>\n  <!-- Colonne de droite avec l'image -->\n  <div class=\"wp-block-column bg-[#00032A] p-12 xl:p-40 flex flex-col justify-center\">\n    <!-- Titre -->\n    <p class=\"text-3xl font-bold\">Une <span class=\"text-[#41C281]\">course<\/span> contre le temps<\/p>\n    <!-- Texte -->\n    <p class=\"text-[#C8C8C8]\">\n      Les \u00e9tudiants de l&rsquo;UQAR, enti\u00e8rement autonomes, g\u00e8rent chaque aspect du projet : de la conception et la fabrication du v\u00e9hicule jusqu\u2019\u00e0 la recherche de commandites, la gestion financi\u00e8re et la production de documents techniques exig\u00e9s par la SAE. Le d\u00e9fi est immense, avec un calendrier de course qui s&rsquo;\u00e9tend de septembre \u00e0 juin, laissant peu de temps pour concevoir, construire, tester, et affiner le v\u00e9hicule.\n    <\/p>\n  <\/div>\n<\/div>\n\n<section class=\"flex flex-col px-10 lg:px-52\">\n  <h5 class=\"text-lg font-medium text-[#3DB67C] mb-3\">Notre histoire<\/h5>\n  <h3 class=\"text-3xl mt-0 mb-8\">Nordic Wolf<\/h3>\n\n  \n\t\t<!-- Timeline -->\n\t\t<div class=\"relative border-l-2 border-[#C8C8C8] pl-6 max-w-screen-lg w-full\">\n\t\t\t\t\t\t\t\t\t\t\t\t<!-- Event -->\n\t\t\t\t\t<div class=\"mb-10 flex items-start\">\n\t\t\t\t\t\t<!-- Dot -->\n\t\t\t\t\t\t<div class=\"w-4 h-4 bg-[#3DB67C] rounded-full absolute -left-2\"><\/div>\n\t\t\t\t\t\t<!-- Content -->\n\t\t\t\t\t\t<div class=\"ml-6\">\n\t\t\t\t\t\t\t<p class=\"text-xl font-bold text-[#3DB67C] -mt-2\">2024<\/p>\n\t\t\t\t\t\t\t<div class=\"flex items-center space-x-4\">\n\t\t\t\t\t\t\t\t<img\n\t\t\t\t\t\t\t\t\tsrc=\"https:\/\/projet4.timmatane.ca\/2024\/efc\/eq4\/wp-content\/uploads\/2024\/11\/IMG_2701-002-300x225-1.jpg\"\n\t\t\t\t\t\t\t\t\talt=\"Cette saison : 2024-2025\"\n\t\t\t\t\t\t\t\t\tclass=\"w-50 h-36 object-cover rounded-lg\"\n\t\t\t\t\t\t\t\t\/>\n\t\t\t\t\t\t\t\t<div>\n\t\t\t\t\t\t\t\t\t<h4 class=\"text-lg font-semibold\">Cette saison : 2024-2025<\/h4>\n\t\t\t\t\t\t\t\t\t<p class=\"text-[#C8C8C8]\">\n\t\t\t\t\t\t\t\t\t\tEntre la collaboration avec le c\u00e9gep de Rivi\u00e8re-du-loup et le c\u00e9gep de Matane, Nordic Wolf s'offre un d\u00e9but de saison \u00e9poustouflant !\t\t\t\t\t\t\t\t\t<\/p>\n\t\t\t\t\t\t\t\t<\/div>\n\t\t\t\t\t\t\t<\/div>\n\t\t\t\t\t\t<\/div>\n\t\t\t\t\t<\/div>\n\t\t\t\t\t\t\t\t\t<!-- Event -->\n\t\t\t\t\t<div class=\"mb-10 flex items-start\">\n\t\t\t\t\t\t<!-- Dot -->\n\t\t\t\t\t\t<div class=\"w-4 h-4 bg-[#3DB67C] rounded-full absolute -left-2\"><\/div>\n\t\t\t\t\t\t<!-- Content -->\n\t\t\t\t\t\t<div class=\"ml-6\">\n\t\t\t\t\t\t\t<p class=\"text-xl font-bold text-[#3DB67C] -mt-2\">2019<\/p>\n\t\t\t\t\t\t\t<div class=\"flex items-center space-x-4\">\n\t\t\t\t\t\t\t\t<img\n\t\t\t\t\t\t\t\t\tsrc=\"https:\/\/projet4.timmatane.ca\/2024\/efc\/eq4\/wp-content\/uploads\/2024\/11\/IMG_1604-768x576-1.jpg\"\n\t\t\t\t\t\t\t\t\talt=\"L\u2019\u00e9quipe performe de nouveau \u00e0 \u00ab L\u2019\u00e9preuve du Nord \u00bb!\"\n\t\t\t\t\t\t\t\t\tclass=\"w-50 h-36 object-cover rounded-lg\"\n\t\t\t\t\t\t\t\t\/>\n\t\t\t\t\t\t\t\t<div>\n\t\t\t\t\t\t\t\t\t<h4 class=\"text-lg font-semibold\">L\u2019\u00e9quipe performe de nouveau \u00e0 \u00ab L\u2019\u00e9preuve du Nord \u00bb!<\/h4>\n\t\t\t\t\t\t\t\t\t<p class=\"text-[#C8C8C8]\">\n\t\t\t\t\t\t\t\t\t\tLors de la premi\u00e8re journ\u00e9e de comp\u00e9tition, l\u2019\u00e9quipe r\u00e9alise ses meilleurs r\u00e9sultats en carri\u00e8re en qualification. Dans la premi\u00e8re \u00e9preuve, soit celle d\u2019acc\u00e9l\u00e9ration, le pilote Simon Amiot r\u00e9alise un temps de six secondes permettant \u00e0 l\u2019\u00e9quipe d\u2019\u00eatre la deuxi\u00e8me plus rapide. De son c\u00f4t\u00e9, Samuel Labont\u00e9 se hisse sur la 3e marche du podium dans l\u2019\u00e9preuve de man\u0153uvrabilit\u00e9 en d\u00e9jouant le parcours en 56,5 secondes. Finalement, Philippe M\u00e9thot est le pilote qui a eu la chance de d\u00e9fier l\u2019extr\u00eame circuit de suspension &amp; traction. Celui-ci r\u00e9alise deux essais m\u00e9morables qui permettent \u00e0 l\u2019\u00e9quipe de se hisser tout pr\u00e8s du podium.\t\t\t\t\t\t\t\t\t<\/p>\n\t\t\t\t\t\t\t\t<\/div>\n\t\t\t\t\t\t\t<\/div>\n\t\t\t\t\t\t<\/div>\n\t\t\t\t\t<\/div>\n\t\t\t\t\t\t\t\t\t<!-- Event -->\n\t\t\t\t\t<div class=\"mb-10 flex items-start\">\n\t\t\t\t\t\t<!-- Dot -->\n\t\t\t\t\t\t<div class=\"w-4 h-4 bg-[#3DB67C] rounded-full absolute -left-2\"><\/div>\n\t\t\t\t\t\t<!-- Content -->\n\t\t\t\t\t\t<div class=\"ml-6\">\n\t\t\t\t\t\t\t<p class=\"text-xl font-bold text-[#3DB67C] -mt-2\">2017<\/p>\n\t\t\t\t\t\t\t<div class=\"flex items-center space-x-4\">\n\t\t\t\t\t\t\t\t<img\n\t\t\t\t\t\t\t\t\tsrc=\"https:\/\/projet4.timmatane.ca\/2024\/efc\/eq4\/wp-content\/uploads\/2024\/11\/14724388_10154240608968821_2057687503205747874_n-e1732906675680.jpg\"\n\t\t\t\t\t\t\t\t\talt=\"2017 commence fort avec la premi\u00e8re comp\u00e9tition de la saison\"\n\t\t\t\t\t\t\t\t\tclass=\"w-50 h-36 object-cover rounded-lg\"\n\t\t\t\t\t\t\t\t\/>\n\t\t\t\t\t\t\t\t<div>\n\t\t\t\t\t\t\t\t\t<h4 class=\"text-lg font-semibold\">2017 commence fort avec la premi\u00e8re comp\u00e9tition de la saison<\/h4>\n\t\t\t\t\t\t\t\t\t<p class=\"text-[#C8C8C8]\">\n\t\t\t\t\t\t\t\t\t\t2017 vient de commencer et d\u00e9j\u00e0, l\u2019\u00e9quipe du baja de l\u2019UQUAR entreprend sa pr\u00e9paration finale pour la premi\u00e8re comp\u00e9tition de la saison. Celle-ci se d\u00e9roulera le 3 et 4 f\u00e9vrier prochains sur le Grand Axe de l\u2019Universit\u00e9 Laval. Depuis quelques ann\u00e9es, la r\u00e9put\u00e9e universit\u00e9 qu\u00e9b\u00e9coise accueille l\u2019unique comp\u00e9tition de BAJA SAE sur neige en Am\u00e9rique du Nord. Son parcours technique et extr\u00eamement p\u00e9rilleux met en valeur les qualit\u00e9s techniques du v\u00e9hicule ainsi que les habilet\u00e9s du pilote. Les meilleures universit\u00e9s du Qu\u00e9bec y seront repr\u00e9sent\u00e9es par chacune de leur \u00e9quipe de course.\t\t\t\t\t\t\t\t\t<\/p>\n\t\t\t\t\t\t\t\t<\/div>\n\t\t\t\t\t\t\t<\/div>\n\t\t\t\t\t\t<\/div>\n\t\t\t\t\t<\/div>\n\t\t\t\t\t\t\t\t\t<!-- Event -->\n\t\t\t\t\t<div class=\"mb-10 flex items-start\">\n\t\t\t\t\t\t<!-- Dot -->\n\t\t\t\t\t\t<div class=\"w-4 h-4 bg-[#3DB67C] rounded-full absolute -left-2\"><\/div>\n\t\t\t\t\t\t<!-- Content -->\n\t\t\t\t\t\t<div class=\"ml-6\">\n\t\t\t\t\t\t\t<p class=\"text-xl font-bold text-[#3DB67C] -mt-2\">2016<\/p>\n\t\t\t\t\t\t\t<div class=\"flex items-center space-x-4\">\n\t\t\t\t\t\t\t\t<img\n\t\t\t\t\t\t\t\t\tsrc=\"https:\/\/projet4.timmatane.ca\/2024\/efc\/eq4\/wp-content\/uploads\/2024\/12\/2016.jpg\"\n\t\t\t\t\t\t\t\t\talt=\"\u00c9preuve du Nord \u00e9dition 2016\"\n\t\t\t\t\t\t\t\t\tclass=\"w-50 h-36 object-cover rounded-lg\"\n\t\t\t\t\t\t\t\t\/>\n\t\t\t\t\t\t\t\t<div>\n\t\t\t\t\t\t\t\t\t<h4 class=\"text-lg font-semibold\">\u00c9preuve du Nord \u00e9dition 2016<\/h4>\n\t\t\t\t\t\t\t\t\t<p class=\"text-[#C8C8C8]\">\n\t\t\t\t\t\t\t\t\t\tEn 2016, l\u2019\u00e9quipe Baja Nordic-Wolf de l\u2019UQAR s\u2019est d\u00e9marqu\u00e9e \u00e0 l\u2019\u00c9preuve du Nord, une comp\u00e9tition hivernale se d\u00e9roulant \u00e0 l\u2019Universit\u00e9 Laval. En qualification, l\u2019\u00e9quipe s\u2019est bien d\u00e9brouill\u00e9e en d\u00e9crochant la 9e place sur la grille de d\u00e9part. Au final, l\u2019\u00e9quipe a termin\u00e9 l\u2019\u00e9preuve d\u2019endurance 3e \u00e0 triple \u00e9galit\u00e9 avec Polytechnique et Rowan.\t\t\t\t\t\t\t\t\t<\/p>\n\t\t\t\t\t\t\t\t<\/div>\n\t\t\t\t\t\t\t<\/div>\n\t\t\t\t\t\t<\/div>\n\t\t\t\t\t<\/div>\n\t\t\t\t\t\t\t\t\t<\/div>\n\n\t\t\n<\/section>\n\n<section class=\"my-10 w-1\/2\">\n<p class=\"text-3xl font-bold mt-0 mb-8\">Administration et gestion<\/p>\n<p class=\"text-[#C8C8C8]\">Le projet repose sur une organisation rigoureuse. Une \u00e9quipe d\u00e9di\u00e9e s\u2019assure de la planification des \u00e9v\u00e9nements, de la gestion des fonds et de la communication. Chaque ann\u00e9e, l&rsquo;\u00e9quipe doit r\u00e9unir un budget de pr\u00e8s de 20 000 $ pour couvrir la fabrication du v\u00e9hicule, ainsi que les co\u00fbts li\u00e9s aux comp\u00e9titions, aux d\u00e9placements et aux h\u00e9bergements.<\/p>\n<p class=\"text-[#C8C8C8]\">Ce projet est rendu possible gr\u00e2ce au soutien exceptionnel de l\u2019Universit\u00e9 du Qu\u00e9bec \u00e0 Rimouski, ainsi que de nombreux partenaires externes. En collaboration avec la Fondation de l\u2019UQAR, des fonds comme le Fonds de soutien aux projets \u00e9tudiants et le Fonds Desjardins contribuent grandement \u00e0 l\u2019implication des \u00e9tudiants dans ce projet ambitieux.<\/p>\n<p class=\"text-[#C8C8C8]\">Gr\u00e2ce \u00e0 cette structure bien rod\u00e9e, le BAJA SAE UQAR continue de briller sur la sc\u00e8ne internationale, offrant aux \u00e9tudiants une exp\u00e9rience concr\u00e8te et formatrice, tant sur le plan technique qu\u2019organisationnel.<\/p>\n<\/section>\n\n<div class=\"relative w-full overflow-hidden\">\n<img decoding=\"async\" class=\"h-full absolute\" src=\"https:\/\/projet4.timmatane.ca\/2024\/efc\/eq4\/wp-content\/uploads\/2024\/11\/home_banner-2.png\">\n<div class=\"w-full h-full flex flex-col justify-center items-center bg-[#00042A]\/75 backdrop-blur-sm p-16\">\n<p class=\"text-lg font-bold text-[#3DB67C] my-2\">Plus d&rsquo;informations sur le baja<\/p>\n<p class=\"text-4xl font-bold my-2\">Site officiel de la BAJA SAE<\/p>\n<p><a class=\"bouton-nobg-1\" target=\"_blank\" href=\"https:\/\/www.bajasae.net\/\" rel=\"noopener\">Voir le site web \u219d<\/a><\/p>\n<\/div>\n<\/div>\n","protected":false},"excerpt":{"rendered":"<p>Le BAJA Le projet BAJA SAE UQAR rassemble des \u00e9tudiants passionn\u00e9s par la conception et la fabrication d&rsquo;un v\u00e9hicule monoplace tout-terrain destin\u00e9 \u00e0 concourir lors de comp\u00e9titions internationales organis\u00e9es par la Society of Automotive Engineers (SAE). L&rsquo;objectif est de cr\u00e9er un prototype fiable, capable d\u2019affronter des v\u00e9hicules d\u2019autres universit\u00e9s dans des \u00e9preuves d&rsquo;endurance, de performance, [&hellip;]<\/p>\n","protected":false},"author":2,"featured_media":0,"parent":0,"menu_order":0,"comment_status":"closed","ping_status":"closed","template":"templates\/a_propos-templates.php","meta":{"_acf_changed":false,"footnotes":""},"class_list":["post-45","page","type-page","status-publish","hentry"],"acf":[],"yoast_head":"<!-- This site is optimized with the Yoast SEO plugin v24.0 - https:\/\/yoast.com\/wordpress\/plugins\/seo\/ -->\n<title>\u00c0 propos - Nordic Wolf<\/title>\n<meta name=\"robots\" content=\"noindex, follow, max-snippet:-1, max-image-preview:large, max-video-preview:-1\" \/>\n<meta property=\"og:locale\" content=\"fr_CA\" \/>\n<meta property=\"og:type\" content=\"article\" \/>\n<meta property=\"og:title\" content=\"\u00c0 propos - Nordic Wolf\" \/>\n<meta property=\"og:description\" content=\"Le BAJA Le projet BAJA SAE UQAR rassemble des \u00e9tudiants passionn\u00e9s par la conception et la fabrication d&rsquo;un v\u00e9hicule monoplace tout-terrain destin\u00e9 \u00e0 concourir lors de comp\u00e9titions internationales organis\u00e9es par la Society of Automotive Engineers (SAE). L&rsquo;objectif est de cr\u00e9er un prototype fiable, capable d\u2019affronter des v\u00e9hicules d\u2019autres universit\u00e9s dans des \u00e9preuves d&rsquo;endurance, de performance, [&hellip;]\" \/>\n<meta property=\"og:url\" content=\"https:\/\/projet4.timmatane.ca\/2024\/efc\/eq4\/a-propos\/\" \/>\n<meta property=\"og:site_name\" content=\"Nordic Wolf\" \/>\n<meta property=\"article:publisher\" content=\"https:\/\/www.facebook.com\/bajasaeuqar\/?fref=ts\" \/>\n<meta property=\"article:modified_time\" content=\"2024-12-04T15:44:13+00:00\" \/>\n<meta property=\"og:image\" content=\"https:\/\/projet4.timmatane.ca\/2024\/efc\/eq4\/wp-content\/uploads\/2024\/11\/home_banner-2.png\" \/>\n<meta name=\"twitter:card\" content=\"summary_large_image\" \/>\n<meta name=\"twitter:label1\" content=\"Estimation du temps de lecture\" \/>\n\t<meta name=\"twitter:data1\" content=\"3 minutes\" \/>\n<script type=\"application\/ld+json\" class=\"yoast-schema-graph\">{\"@context\":\"https:\/\/schema.org\",\"@graph\":[{\"@type\":\"WebPage\",\"@id\":\"https:\/\/projet4.timmatane.ca\/2024\/efc\/eq4\/a-propos\/\",\"url\":\"https:\/\/projet4.timmatane.ca\/2024\/efc\/eq4\/a-propos\/\",\"name\":\"\u00c0 propos - Nordic Wolf\",\"isPartOf\":{\"@id\":\"https:\/\/projet4.timmatane.ca\/2024\/efc\/eq4\/#website\"},\"primaryImageOfPage\":{\"@id\":\"https:\/\/projet4.timmatane.ca\/2024\/efc\/eq4\/a-propos\/#primaryimage\"},\"image\":{\"@id\":\"https:\/\/projet4.timmatane.ca\/2024\/efc\/eq4\/a-propos\/#primaryimage\"},\"thumbnailUrl\":\"https:\/\/projet4.timmatane.ca\/2024\/efc\/eq4\/wp-content\/uploads\/2024\/11\/home_banner-2.png\",\"datePublished\":\"2024-11-01T18:08:35+00:00\",\"dateModified\":\"2024-12-04T15:44:13+00:00\",\"breadcrumb\":{\"@id\":\"https:\/\/projet4.timmatane.ca\/2024\/efc\/eq4\/a-propos\/#breadcrumb\"},\"inLanguage\":\"fr-CA\",\"potentialAction\":[{\"@type\":\"ReadAction\",\"target\":[\"https:\/\/projet4.timmatane.ca\/2024\/efc\/eq4\/a-propos\/\"]}]},{\"@type\":\"ImageObject\",\"inLanguage\":\"fr-CA\",\"@id\":\"https:\/\/projet4.timmatane.ca\/2024\/efc\/eq4\/a-propos\/#primaryimage\",\"url\":\"https:\/\/projet4.timmatane.ca\/2024\/efc\/eq4\/wp-content\/uploads\/2024\/11\/home_banner-2.png\",\"contentUrl\":\"https:\/\/projet4.timmatane.ca\/2024\/efc\/eq4\/wp-content\/uploads\/2024\/11\/home_banner-2.png\",\"width\":1920,\"height\":370,\"caption\":\"Banni\u00e8re de la SAE BAJA\"},{\"@type\":\"BreadcrumbList\",\"@id\":\"https:\/\/projet4.timmatane.ca\/2024\/efc\/eq4\/a-propos\/#breadcrumb\",\"itemListElement\":[{\"@type\":\"ListItem\",\"position\":1,\"name\":\"Accueil\",\"item\":\"https:\/\/projet4.timmatane.ca\/2024\/efc\/eq4\/\"},{\"@type\":\"ListItem\",\"position\":2,\"name\":\"\u00c0 propos\"}]},{\"@type\":\"WebSite\",\"@id\":\"https:\/\/projet4.timmatane.ca\/2024\/efc\/eq4\/#website\",\"url\":\"https:\/\/projet4.timmatane.ca\/2024\/efc\/eq4\/\",\"name\":\"Nordic Wolf\",\"description\":\"Nordic Wolf est une \u00e9quipe de l&#039;Universit\u00e9 de Rimouski d\u00e9di\u00e9e \u00e0 concevoir et tester des v\u00e9hicules tout-terrain performants dans des comp\u00e9titions \u00e9tudiantes.\",\"publisher\":{\"@id\":\"https:\/\/projet4.timmatane.ca\/2024\/efc\/eq4\/#organization\"},\"potentialAction\":[{\"@type\":\"SearchAction\",\"target\":{\"@type\":\"EntryPoint\",\"urlTemplate\":\"https:\/\/projet4.timmatane.ca\/2024\/efc\/eq4\/?s={search_term_string}\"},\"query-input\":{\"@type\":\"PropertyValueSpecification\",\"valueRequired\":true,\"valueName\":\"search_term_string\"}}],\"inLanguage\":\"fr-CA\"},{\"@type\":\"Organization\",\"@id\":\"https:\/\/projet4.timmatane.ca\/2024\/efc\/eq4\/#organization\",\"name\":\"Nordic Wolf\",\"url\":\"https:\/\/projet4.timmatane.ca\/2024\/efc\/eq4\/\",\"logo\":{\"@type\":\"ImageObject\",\"inLanguage\":\"fr-CA\",\"@id\":\"https:\/\/projet4.timmatane.ca\/2024\/efc\/eq4\/#\/schema\/logo\/image\/\",\"url\":\"https:\/\/projet4.timmatane.ca\/2024\/efc\/eq4\/wp-content\/uploads\/2024\/11\/logo-nordic-wolf-cropped.png\",\"contentUrl\":\"https:\/\/projet4.timmatane.ca\/2024\/efc\/eq4\/wp-content\/uploads\/2024\/11\/logo-nordic-wolf-cropped.png\",\"width\":732,\"height\":732,\"caption\":\"Nordic Wolf\"},\"image\":{\"@id\":\"https:\/\/projet4.timmatane.ca\/2024\/efc\/eq4\/#\/schema\/logo\/image\/\"},\"sameAs\":[\"https:\/\/www.facebook.com\/bajasaeuqar\/?fref=ts\",\"https:\/\/www.instagram.com\/bajauqar\/?utm_source=ig_web_button_share_sheet&igsh=ZDNlZDc0MzIxNw\"]}]}<\/script>\n<!-- \/ Yoast SEO plugin. -->","yoast_head_json":{"title":"\u00c0 propos - Nordic Wolf","robots":{"index":"noindex","follow":"follow","max-snippet":"max-snippet:-1","max-image-preview":"max-image-preview:large","max-video-preview":"max-video-preview:-1"},"og_locale":"fr_CA","og_type":"article","og_title":"\u00c0 propos - Nordic Wolf","og_description":"Le BAJA Le projet BAJA SAE UQAR rassemble des \u00e9tudiants passionn\u00e9s par la conception et la fabrication d&rsquo;un v\u00e9hicule monoplace tout-terrain destin\u00e9 \u00e0 concourir lors de comp\u00e9titions internationales organis\u00e9es par la Society of Automotive Engineers (SAE). L&rsquo;objectif est de cr\u00e9er un prototype fiable, capable d\u2019affronter des v\u00e9hicules d\u2019autres universit\u00e9s dans des \u00e9preuves d&rsquo;endurance, de performance, [&hellip;]","og_url":"https:\/\/projet4.timmatane.ca\/2024\/efc\/eq4\/a-propos\/","og_site_name":"Nordic Wolf","article_publisher":"https:\/\/www.facebook.com\/bajasaeuqar\/?fref=ts","article_modified_time":"2024-12-04T15:44:13+00:00","og_image":[{"url":"https:\/\/projet4.timmatane.ca\/2024\/efc\/eq4\/wp-content\/uploads\/2024\/11\/home_banner-2.png","type":"","width":"","height":""}],"twitter_card":"summary_large_image","twitter_misc":{"Estimation du temps de lecture":"3 minutes"},"schema":{"@context":"https:\/\/schema.org","@graph":[{"@type":"WebPage","@id":"https:\/\/projet4.timmatane.ca\/2024\/efc\/eq4\/a-propos\/","url":"https:\/\/projet4.timmatane.ca\/2024\/efc\/eq4\/a-propos\/","name":"\u00c0 propos - Nordic Wolf","isPartOf":{"@id":"https:\/\/projet4.timmatane.ca\/2024\/efc\/eq4\/#website"},"primaryImageOfPage":{"@id":"https:\/\/projet4.timmatane.ca\/2024\/efc\/eq4\/a-propos\/#primaryimage"},"image":{"@id":"https:\/\/projet4.timmatane.ca\/2024\/efc\/eq4\/a-propos\/#primaryimage"},"thumbnailUrl":"https:\/\/projet4.timmatane.ca\/2024\/efc\/eq4\/wp-content\/uploads\/2024\/11\/home_banner-2.png","datePublished":"2024-11-01T18:08:35+00:00","dateModified":"2024-12-04T15:44:13+00:00","breadcrumb":{"@id":"https:\/\/projet4.timmatane.ca\/2024\/efc\/eq4\/a-propos\/#breadcrumb"},"inLanguage":"fr-CA","potentialAction":[{"@type":"ReadAction","target":["https:\/\/projet4.timmatane.ca\/2024\/efc\/eq4\/a-propos\/"]}]},{"@type":"ImageObject","inLanguage":"fr-CA","@id":"https:\/\/projet4.timmatane.ca\/2024\/efc\/eq4\/a-propos\/#primaryimage","url":"https:\/\/projet4.timmatane.ca\/2024\/efc\/eq4\/wp-content\/uploads\/2024\/11\/home_banner-2.png","contentUrl":"https:\/\/projet4.timmatane.ca\/2024\/efc\/eq4\/wp-content\/uploads\/2024\/11\/home_banner-2.png","width":1920,"height":370,"caption":"Banni\u00e8re de la SAE BAJA"},{"@type":"BreadcrumbList","@id":"https:\/\/projet4.timmatane.ca\/2024\/efc\/eq4\/a-propos\/#breadcrumb","itemListElement":[{"@type":"ListItem","position":1,"name":"Accueil","item":"https:\/\/projet4.timmatane.ca\/2024\/efc\/eq4\/"},{"@type":"ListItem","position":2,"name":"\u00c0 propos"}]},{"@type":"WebSite","@id":"https:\/\/projet4.timmatane.ca\/2024\/efc\/eq4\/#website","url":"https:\/\/projet4.timmatane.ca\/2024\/efc\/eq4\/","name":"Nordic Wolf","description":"Nordic Wolf est une \u00e9quipe de l&#039;Universit\u00e9 de Rimouski d\u00e9di\u00e9e \u00e0 concevoir et tester des v\u00e9hicules tout-terrain performants dans des comp\u00e9titions \u00e9tudiantes.","publisher":{"@id":"https:\/\/projet4.timmatane.ca\/2024\/efc\/eq4\/#organization"},"potentialAction":[{"@type":"SearchAction","target":{"@type":"EntryPoint","urlTemplate":"https:\/\/projet4.timmatane.ca\/2024\/efc\/eq4\/?s={search_term_string}"},"query-input":{"@type":"PropertyValueSpecification","valueRequired":true,"valueName":"search_term_string"}}],"inLanguage":"fr-CA"},{"@type":"Organization","@id":"https:\/\/projet4.timmatane.ca\/2024\/efc\/eq4\/#organization","name":"Nordic Wolf","url":"https:\/\/projet4.timmatane.ca\/2024\/efc\/eq4\/","logo":{"@type":"ImageObject","inLanguage":"fr-CA","@id":"https:\/\/projet4.timmatane.ca\/2024\/efc\/eq4\/#\/schema\/logo\/image\/","url":"https:\/\/projet4.timmatane.ca\/2024\/efc\/eq4\/wp-content\/uploads\/2024\/11\/logo-nordic-wolf-cropped.png","contentUrl":"https:\/\/projet4.timmatane.ca\/2024\/efc\/eq4\/wp-content\/uploads\/2024\/11\/logo-nordic-wolf-cropped.png","width":732,"height":732,"caption":"Nordic Wolf"},"image":{"@id":"https:\/\/projet4.timmatane.ca\/2024\/efc\/eq4\/#\/schema\/logo\/image\/"},"sameAs":["https:\/\/www.facebook.com\/bajasaeuqar\/?fref=ts","https:\/\/www.instagram.com\/bajauqar\/?utm_source=ig_web_button_share_sheet&igsh=ZDNlZDc0MzIxNw"]}]}},"_links":{"self":[{"href":"https:\/\/projet4.timmatane.ca\/2024\/efc\/eq4\/wp-json\/wp\/v2\/pages\/45","targetHints":{"allow":["GET"]}}],"collection":[{"href":"https:\/\/projet4.timmatane.ca\/2024\/efc\/eq4\/wp-json\/wp\/v2\/pages"}],"about":[{"href":"https:\/\/projet4.timmatane.ca\/2024\/efc\/eq4\/wp-json\/wp\/v2\/types\/page"}],"author":[{"embeddable":true,"href":"https:\/\/projet4.timmatane.ca\/2024\/efc\/eq4\/wp-json\/wp\/v2\/users\/2"}],"replies":[{"embeddable":true,"href":"https:\/\/projet4.timmatane.ca\/2024\/efc\/eq4\/wp-json\/wp\/v2\/comments?post=45"}],"version-history":[{"count":107,"href":"https:\/\/projet4.timmatane.ca\/2024\/efc\/eq4\/wp-json\/wp\/v2\/pages\/45\/revisions"}],"predecessor-version":[{"id":738,"href":"https:\/\/projet4.timmatane.ca\/2024\/efc\/eq4\/wp-json\/wp\/v2\/pages\/45\/revisions\/738"}],"wp:attachment":[{"href":"https:\/\/projet4.timmatane.ca\/2024\/efc\/eq4\/wp-json\/wp\/v2\/media?parent=45"}],"curies":[{"name":"wp","href":"https:\/\/api.w.org\/{rel}","templated":true}]}}